+ 275 = -7624. Is f composite?
False
Let v(b) = -6*b**2 + 2*b - 2. Let d be v(1). Let k be d - -2 - (-72)/8. Suppose -k*l + 701 = -354. Is l composite?
False
Suppose 0 = t + 2700 - 17887. Is t a composite number?
False
Let i(f) = 4 - 33*f - 19*f + 5*f. Is i(-11) composite?
False
Let z = -3618 - -7729. Is z composite?
False
Let q be (2 - 3)/((-3)/(-3)). Is 634 + (-4 + 1)*(0 - q) prime?
True
Suppose 3*c - 46 = -2*g, -46 = -5*g + 3*g + c. Let h = g + -20. Suppose 3*u - d - 130 = 0, 0*d = 3*u + h*d - 126. Is u a prime number?
True
Let l(b) = -890*b - 13. Is l(-1) composite?
False
Suppose 5*u - 3*a = 31930, 5*u + 4*a = 2*a + 31955. Is u a prime number?
True
Let g = -9569 - -4811. Let x = -3365 - g. Is x composite?
True
Suppose -5*a = -22404 - 20681. Is a a composite number?
True
Suppose p = -1, 0 = m + 4*m + 2*p - 19163. Is m a prime number?
True
Suppose 841 = -5*q - 14. Suppose 2*f - 499 = -p, 3*f - 257 = 2*f - 3*p. Let v = f + q. Is v prime?
False
Suppose -13*k + 133587 = 17354. Is k a prime number?
True
Suppose -4*p + 1185 = j, p = -j + 152 + 1027. Suppose k - 2*k = -f - 586, 2*k + 3*f - j = 0. Is k composite?
False
Let t(x) = 52*x**2 + 14*x + 5. Is t(-4) composite?
True
Let b(d) = 23*d**2 - 4*d + 2. Let t be b(-4). Let p(m) = -m**2 + 13*m + 3. Let j be p(-8). Let u = j + t. Is u prime?
False
Suppose -3*u - 2205 = -8304. Is u/5 - (-10)/25 a composite number?
True
Let s(j) = 2*j**3 + 24*j**2 - 8*j + 13. Is s(-8) prime?
False
Suppose -4*h = 2*b - 96, 11*b - 6*b = -3*h + 205. Let v(d) = -25*d + 40 - 28*d - b. Is v(-5) composite?
True
Suppose 575 + 88 = 3*c. Suppose 4*g - 5*g = -c. Is g a prime number?
False
Suppose -4*l - x + 59731 = 0, 10*x - 14*x + 29862 = 2*l. Is l composite?
True
Let n(y) = -1478*y**2 - 5*y - 1 + y + 4*y + y. Let z be n(1). Is z/((-1)/2*4) a composite number?
False
Suppose 2*l - 5*a = 6, 7*a = 3*a. Let z(k) = 17*k**3 - k**2 - 4. Is z(l) prime?
False
Let b = -159 - -1670. Is b composite?
False
Let l be 3 + (1 - (4 - 3)). Suppose 3*v = -4*n + 9, -l*v - n = n - 9. Suppose 3*j + v*a - 324 = -0*j, 0 = -3*j - 4*a + 319. Is j a prime number?
True
Suppose -59*l - 670428 = -95*l. Is l prime?
False
Let b = -16 + 17. Let k(p) = 7*p - 1. Let w be k(b). Suppose -w*n + 1535 = -n. Is n a prime number?
True
Suppose 0 = 3*h - 27652 + 8713. Is h composite?
True
Suppose -4*v + 3*b + 15181 = 0, -4*b = -v + 1165 + 2640. Is v prime?
True
Let c(x) = -74*x**3 - 37*x**2 + 2*x + 17. Is c(-8) composite?
False
Let y = 965 - -2732. Is y composite?
False
Let s = 27 + -25. Let z(o) = -3*o + 3 + s*o - 4*o. Is z(-6) a prime number?
False
Let r be ((-633)/(-9))/(2/12). Let y be (r/(-4))/((-6)/36). Suppose -4*s = 5*o - 1055, -y = o - 4*o + s. Is o prime?
True
Is (1959264/(-27))/32*(-4 + 1) a composite number?
False
Suppose -3*j - 65685 - 81527 = -5*k, -5*j + 147220 = 5*k. Is k a composite number?
False
Let w be (5/5)/((-1)/(-4)). Suppose w*r = r + 1059. Let u = r - 195. Is u a prime number?
False
Suppose -28*g = -179789 - 182475. Is g composite?
True
Let c = 52 + -64. Let k(d) = -102*d + 53. Is k(c) prime?
True
Let i(y) be the second derivative of 17*y**4/12 - 3*y**3/2 + 13*y**2/2 - y. Is i(4) prime?
False
Suppose 251475 = 34*h + 63421. Is h a composite number?
False
Suppose 2*q - 2859 + 445 = 0. Suppose -2*m = g - 2243 - 199, m = 3*g + q. Is m a composite number?
True
Is 1462 + 1*(5 - 8) composite?
False
Suppose -3*j - 17 = 4*f, -2*f - 9 = -j + 2*j. Let x(n) be the second derivative of 48*n**5/5 - n**2/2 + 2*n. Is x(j) prime?
True
Let t be ((-196)/(-10))/((-1)/(-35)). Suppose -s + 2*k = -283 - t, 0 = 5*s - 2*k - 4885. Is s a prime number?
False
Let m be (-3)/(-2) + (-5)/(-10). Let t(n) = n**m + 14*n**2 + 98*n**2 - 7 - n + 8. Is t(1) prime?
True
Let d(b) = 2*b**2 + 16*b - 23. Suppose 5*j = 3 + 52. Is d(j) a composite number?
True
Let u(p) = p**3 + 9*p**2 - 11*p - 6. Let a be u(-10). Suppose -3*v - 3*l = -0*l + 411, 292 = -2*v + a*l. Let r = v + 217. Is r a prime number?
False
Suppose 5 + 1 = 3*j. Suppose 0*n - j*n = 326. Let r = n + 282. Is r prime?
False
Let q(f) = -76*f + 509. Is q(-6) prime?
False
Suppose -v + 19 = 4*s, 4*s - 23 = v + 2*v. Let i(l) = 173*l - 2. Is i(s) a prime number?
True
Suppose -3*c = c - 7*c. Suppose c*t + 2259 = 9*t. Is t composite?
False
Let v(r) = 2*r + 2. Let o be v(1). Suppose 4*g + w = 3*w + 264, -o*g + 4*w = -260. Is g composite?
False
Suppose 2*d = 3*z - d + 546, 731 = -4*z + 3*d. Suppose 5*i - 154 = 1406. Let l = z + i. Is l a prime number?
True
Let x(b) = 12*b - 3. Let v(u) = u + 9. Let a be v(-9). Suppose 3*g - 12 = a, -7*q = -3*q - 5*g. Is x(q) a prime number?
False
Let h(r) = 9*r**2 + 17*r + 1. Let i = -28 + 21. Let k be h(i). Suppose -n + 3*f = -304, -5*f = -2*n + k + 290. Is n prime?
False
Let p(y) = -125*y + 8. Let z(x) = -2125*x + 135. Let k(h) = 35*p(h) - 2*z(h). Let q = -25 - -20. Is k(q) a prime number?
False
Let a = 21 + -24. Let x(g) = 89*g**2 + 3*g + 5. Is x(a) composite?
False
Let q(v) = -5 + 3*v**2 + 0*v**2 + 2*v + 21*v**3 - 23*v**3. Is q(-4) a composite number?
False
Let g be 25/4 - 8/32. Let h be (-3)/g*2 - 6. Let q(a) = -18*a - 15. Is q(h) prime?
False
Let l(n) = 14*n**2 - 12*n + 9. Let m be l(-13). Let i = m - -2978. Is i a composite number?
True
Let z(a) = a**3 - 10*a**2 + 9*a + 5. Let k be z(9). Suppose 65 = j - 3*l + 19, 179 = k*j + 2*l. Suppose 4*r = 3*r + j. Is r prime?
True
Suppose 5*x = -5, 15 = -0*m - 4*m - 3*x. Let z be 4*((-36)/16 - m). Suppose 47 = q + p, 5*q = z*p - p + 263. Is q prime?
False
Suppose 3*h + h + 498 = 3*c, -2*h - 5*c = 262. Let i = 341 - h. Is i a prime number?
True
Suppose -3*g + 19081 = 3*w - w, 4*w - 38137 = -g. Is w a prime number?
True
Suppose 5*k = 3*k - 2*r + 4402, r = 2*k - 4408. Is k prime?
True
Let y(g) = g**3 - 11*g**2 - 6*g + 3. Let o = -29 + 42. Let v be y(o). Let a = v - 52. Is a a prime number?
True
Let j = 5570 - 2343. Is j composite?
True
Let d(i) = 39*i**2 - 8*i + 67. Is d(-12) prime?
True
Let y(x) = -10*x + 1640. Let b be y(0). Suppose -5*f - d = 2*d - b, 2*f = -d + 657. Is f prime?
True
Let q(j) = -3*j**2 - 3*j - 3. Let b be q(-2). Is 3 + -2 - (-319 + b) a prime number?
False
Suppose -2*l + 5*c + 33 = 0, -5 - 1 = 2*c. Let p(s) = s**3 + s**2 - 11*s - 8. Is p(l) prime?
False
Suppose 5*a + 7 = -2*q - 608, -3*q - 945 = 3*a. Let v = 571 + q. Is v prime?
True
Let j be (-27)/18*(2 - 4). Let s(f) = 0*f**2 + f**j + 3*f**2 - 7 - 8*f + 0*f**2 + 6*f**2. Is s(-9) a prime number?
False
Suppose 2*m = 8, 2*m + 11 = 2*b - 5. Suppose 2*k - b*k = -4390. Is k a composite number?
False
Let n(u) = u + 0*u + 2 - 1 - 3*u**3. Let s be n(-1). Suppose -1017 = -0*y - s*y. Is y a prime number?
False
Let l(i) = -i**3 - 3*i**2 - 2*i + 2. Let c be l(-2). Suppose -c*y + 6 = b - 5, -23 = -b - 5*y. Is 1420/6 + 1/b prime?
False
Let a(o) = 3*o**3 - o**2 + 4*o + 5. Let i = -22 + 17. Let t be 4 + 6/(-2) - i. Is a(t) prime?
True
Let m = 2916 - -1133. Is m composite?
False
Let d = -16072 - -24849. Suppose 6*n - d = 4*n + 5*b, 4*n = 5*b + 17559. Is n a composite number?
False
Let j = 5 - 90. Let x = j - -138. Is x composite?
False
Let f be (24/(-20))/(4/100). Let d be (-2586)/(-10) - 12/f. Is d/2*4 + -1 a composite number?
True
Is (-2228989)/(-51) + 12/(-18) prime?
False
Let p(c) = -1 + 20*c**2 + 5*c + 0 + 5. Let u = -186 - -183. Is p(u) a prime number?
False
Is 2/(-3) + 6/(90/179305) a composite number?
False
Suppose 5*s = -15, 0*p - p + s + 7 = 0. Suppose -4*b + 633 = n, -p*b - 5*n = -0*b - 653. Is b composite?
False
Is (-6 - -17793)/7 + -2 a composite number?
False
Suppose 3*h = -5*d + 53825 + 55742, -3*h = d - 21923. Is d a composite number?
False
Suppose 13*w - 6754 = 11*w. Is w prime?
False
Let x be (-96)/(-52) - 6/(-39). Is 585/x + (-5)/(-10) composite?
False
Suppose 3*x - 580 = -2*c, 12*c - 5*x + 1455 = 17*c. Is c a composite number?
False
Let q(w) = -3*w + 7. Let z be q(5). Let k(g) = 27*g**2 + 7*g + 7. Is k(z) a composite number?
True
Let o = 5 + -7. Let n be o/7 + 19470/35. Let b = n - 393. Is b prime?
True
Let w = -13 + 16. Let c be 359 + 0 - (-5 + w). Is c + 3 + 1 + 0 prime?
False
Let k(w) = w**2 - 16*w + 4. Let d be k(16). Suppose -5*t + a + 391 = -692, -d*t - 3*a + 874 = 0. Is t a composite number?
True
Suppose 100*b - 308528 = 84*b. Is b composite?
True
Let q = 101265 - 65846. Is q co